ime factors of (1080/(-16))/(1*1/(-2))?
3, 5
Let h be (-6)/2*(1 - 0). What are the prime factors of 29 - 12/h - 2?
31
Let r(p) = p + 5. Let w be r(-5). Suppose w*q = q - 11. Suppose -2*z = 1 - q. What are the prime factors of z?
5
Suppose 4*u + 4*s - 668 = 0, 2*u - u - 4*s = 172. List the prime factors of u.
2, 3, 7
Let h(k) = -k**2 + 10*k + 5. Let x be h(11). Let p be 10/(-2*(-3)/x). Let j = 0 - p. List the prime factors of j.
2, 5
Let f(v) = -v**2 + 8*v - 7. Let w be f(8). Let m = w + 7. Suppose m = -2*d + 6 + 4. What are the prime factors of d?
5
Suppose -5*d - 5*l + 3*l + 25 = 0, 0 = 5*d + 4*l - 15. What are the prime factors of d?
7
Suppose 38 = 4*k + 7*s - 2*s, -s = 5*k - 37. Suppose 43 = 4*m + 3*q, m + k - 35 = 5*q. What are the prime factors of m?
13
Let s be 214/10 - 4/10. Let c = -1 + 3. Suppose -c*y - y = -s. What are the prime factors of y?
7
Let d(l) = 3*l**2 - 2*l**2 - 2*l**2 + 7*l - 1. Let f be d(6). Suppose 14 + 16 = f*j. List the prime factors of j.
2, 3
Let x = 20 - 5. List the prime factors of x.
3, 5
Let b(p) = 2*p**3 - 2*p**2 + 2. Let y be b(2). Let s(q) = q**3 + 7*q**2 - 5. Let n be s(-7). Let m = n + y. What are the prime factors of m?
5
Let u = 208 + -137. What are the prime factors of u?
71
Suppose 2*s - 5*j - 559 = 0, 3*j - 391 - 688 = -4*s. What are the prime factors of s?
2, 17
Let f(r) = -10*r - 3. What are the prime factors of f(-5)?
47
Let n be 3/(-2)*48/9. Let s(x) = x + 10. Let o be s(n). Suppose 3*j - 4*a = -o*a + 22, 0 = 2*a + 10. What are the prime factors of j?
2
Suppose 0 = 5*i + 5, -4*k - 2*i - 174 = -8*k. Suppose -3*q + k = -2*y, q + 4 = y + 18. What are the prime factors of q?
3, 5
Let y(p) = -p**2 + 6*p - 1. Let h be y(6). Let s be h + 11 - (2 + 0). What are the prime factors of ((-10)/(-8))/(2/s)?
5
Let i be (12/30)/(1/(-125)). Let y = 108 + i. List the prime factors of y.
2, 29
Suppose 0*v = 3*v - 156. List the prime factors of v.
2, 13
Suppose -2*o + 3*m - m + 14 = 0, -4*o - 4*m - 12 = 0. Let g = o - -2. What are the prime factors of 11 + g - (3 - 0)?
2, 3
Let s(j) = -j**3 - 4*j**2 + 6*j - 5. Let l(k) = k**2 - 12*k + 14. Let w be l(10). List the prime factors of s(w).
31
Let b = -7 - -11. Let k be (-2 + 2)*6/18. Suppose k = -b*u - u + 35. List the prime factors of u.
7
Let q(y) = y**3 + 8*y**2 - 7*y - 7. List the prime factors of q(-8).
7
Let a = 7 - 7. Let y = 13 - a. What are the prime factors of y?
13
Suppose 4*h - 8*h - 40 = -4*p, 4*p = h + 34. What are the prime factors of p?
2
Let d(k) = k**3 - 5*k**2 - 2. Let w be d(5). Let c = w + 4. Suppose 4*l = -4, b - c = -4*l + 3*l. What are the prime factors of b?
3
Suppose -2*q + 2 = -4*l - 6, -2*q - 4 = 0. Let n(o) = -9*o + 3. What are the prime factors of n(l)?
2, 3, 5
Suppose 2*u = -3*u + 50. Let x = 23 - u. List the prime factors of x.
13
Suppose -3*s + 282 = -4*w, 2*s + 0*s + 4*w - 208 = 0. List the prime factors of s.
2, 7
Let y = 7 - 3. What are the prime factors of y?
2
Let v be 308/20 - 6/15. List the prime factors of 2*(1 - v/(-2)).
17
Suppose 6*n + 3*t - 51 = 3*n, 4*t = 2*n - 52. List the prime factors of ((-24)/n)/(2/(-5)).
3
Let m be -54*(-2 + (-15)/(-9)). Suppose -2 - m = -2*i. What are the prime factors of i?
2, 5
List the prime factors of 14*-21*5/(-30).
7
Let h be 15/(-6)*-4 + 2. Let f(j) = j - 8. What are the prime factors of f(h)?
2
Let n be (1/(-2))/(10/(-60)). Let o(h) = 1 - 3*h - h + 0*h**2 + 2*h**2. What are the prime factors of o(n)?
7
Suppose u = 3*u. Suppose 0 = -4*m + 4*z - 4, 5*m + u*m - 2*z + 11 = 0. List the prime factors of 0/(5 - 3) - m.
3
Suppose -b + 4*t + 8 = t, -21 = -4*b + t. Let j be (-44)/(-10) - 2/b. Suppose -j*g + 3 - 11 = -c, 5*g = -4*c + 11. List the prime factors of c.
2
Suppose 2*i = -3*i - 10. Let f = i - -28. List the prime factors of f.
2, 13
Suppose -d + 100 = 3*d. Let t = d - 15. What are the prime factors of t + 4/(1 + 1)?
2, 3
Let h = 4 - 4. Suppose -3*f - 4*o + 20 - 2 = h, -5*f - 2*o = -16. Suppose f*b - 55 = -3*b. List the prime factors of b.
11
Let j = -10 - -19. List the prime factors of j.
3
Let r(h) be the third derivative of -h**4/12 - 2*h**3/3 - 6*h**2. What are the prime factors of r(-3)?
2
Let s = 6 - 2. Suppose -2 = -5*u + s*o + 20, -o - 4 = -u. What are the prime factors of u?
2, 3
Let w = 175 - 56. What are the prime factors of w?
7, 17
Let t = 153 + -93. What are the prime factors of t?
2, 3, 5
Let p = -1 + -1. Let m be -1 + p/(6/39). List the prime factors of 2/7 - 80/m.
2, 3
Let h = 19 - -357. What are the prime factors of (-4)/22 - h/(-11)?
2, 17
Let d(p) = p**3 - p + 45. Let c be d(0). Suppose 10 = 2*i, -5*h - 6*i = -4*i - c. List the prime factors of h.
7
Let o(r) = 39*r**3 - 2*r + 2. List the prime factors of o(1).
3, 13
Suppose -5*a = -2*a + 4*h + 8, 3*a = 5*h + 10. Suppose -5*k + l + 33 = a, -3 = 2*k - k + 3*l. List the prime factors of k.
2, 3
Suppose 0 = -6*v + 1087 - 121. List the prime factors of v.
7, 23
Let f(s) = -25*s**3 - 2*s**2 - s + 1. List the prime factors of f(-1).
5
Let j(u) = -u**3 + 2*u**2 + 4*u + 2. Let g be j(-2). Let m be 14/g + (-8)/20. Let v = m + 5. List the prime factors of v.
2, 3
Suppose 5*w = 4*t + 193, 4*w + 6*t = 2*t + 176. Suppose -w = -4*d + 15. List the prime factors of d.
2, 7
Suppose -3*n + 81 = 4*j, -4*n + 2 - 26 = -2*j. What are the prime factors of j?
2, 3
Let h = 1 - 5. Let t be 6/(-9) - h/6. Suppose t = -3*m + 32 - 5. What are the prime factors of m?
3
Let y = -5 - -7. Let g(v) = -3*v + 1. Let k be g(y). Let b(s) = -s**3 - 4*s**2 + 4*s - 2. What are the prime factors of b(k)?
3
Let b(q) = q**3 + 25*q**2 - 16*q - 11. List the prime factors of b(-25).
389
Let r = 6 - 5. Let z be (2 - 1/r)*4. Suppose 5*c - 12 = z*c. What are the prime factors of c?
2, 3
Let m = 7 + -4. Suppose 0*l = m*l - 21. List the prime factors of l.
7
Suppose 5*q = 2*q + 3. Suppose r - q = -x + 22, -3*r + 59 = 5*x. What are the prime factors of r?
2, 7
Suppose -o - 5*b + 24 = -6*b, -o + 33 = -4*b. List the prime factors of o.
3, 7
Suppose -588 = 3*o - 9*o. List the prime factors of o.
2, 7
Let c be (2 - 2)/(-3 - -4). Suppose 6 + c = 3*u. What are the prime factors of u?
2
What are the prime factors of ((-1)/(-1) - 4)/(2/(-26))?
3, 13
Suppose c + 8 = 4*r + 2, r = 4*c - 6. Let n = c - -8. What are the prime factors of n?
2, 5
Suppose -8*o = -3*o - 10. Suppose -o = 2*b - 28. What are the prime factors of b?
13
Let z be (-9)/(-4)*72/27. Suppose z*k = 2*k - 12. List the prime factors of 2/k + (-16)/(-6).
2
What are the prime factors of (-4 - (-3 - -66))*-1?
67
Suppose -3*b + 1 = -u, -7 = -5*b + 2*b - 2*u. List the prime factors of b/3 - (-128)/12.
11
List the prime factors of 17 - 3/6*6.
2, 7
Let g(i) = -i**2 + 4*i + 5. Let t be g(5). What are the prime factors of -1 + 1 + (3 - t)?
3
Let h = 0 - -7. Let v = h - -2. What are the prime factors of v?
3
Suppose 5*r + m = 250, -2*r + m - 10 + 103 = 0. List the prime factors of r.
7
Let o(q) = 1 + 0 + 40*q**2 + q - q. List the prime factors of o(1).
41
Let u = 193 + -109. What are the prime factors of u?
2, 3, 7
Let c(y) = y**3 - 7*y**2 + 8*y + 4. Let g be c(6). Let k = 70 - g. List the prime factors of k.
2, 3
Suppose 0*a = -2*w - 3*a + 19, 0 = -4*w + a + 45. Let p be 1 - (w - 1/1). List the prime factors of (-3)/(-9) + (-186)/p.
3, 7
Suppose -4*c + 55 = -z, 0*z - 25 = -c - 2*z. Let m = 25 - c. What are the prime factors of m?
2, 5
Let z = 15 + -10. Let b = -1 + z. List the prime factors of b.
2
Suppose 4 = -3*m - v - 0, -2*m + 3*v - 10 = 0. Let s = 1 - m. List the prime factors of s.
3
Suppose -2*i + 10 = 3*i. Suppose 14 = 4*k + i. List the prime factors of k.
3
Suppose -4*w - 5 + 1 = -4*m, -2*m = 5*w - 30. Suppose -5*k + 0*g = m*g, -g = -2*k + 15. List the prime factors of k.
5
Suppose u + 2 = -0*u. Let i be (-2)/(-2)*6/u. What are the prime factors of (-2)/(i*(-4)/(-18))?
3
Let h(q) = -q**3 + 6*q**2 - 3*q + 6. Let i be h(6). Let b = 16 - i. List the prime factors of b.
2, 7
Let w be (-80)/14 + 8/(-28). Let x be 0*(1 - (-4)/w). Suppose -l + 2*m = 3*l - 30, 5*l + 4*m - 44 = x. What are the prime factors of l?
2
Suppose -3 = -t - 0. List the prime factors of t.
3
Let w(b) = -b**2 - 7*b - 1. Suppose -3*v = -2*v + 162. Let x be v/30 + (-2)/(-5). List the prime factors of w(x).
3
Let i(j) be the first derivative of j**3/3 - 3*j**